t the prime factors of x.
3, 7
Let s = -51 + 93. Suppose 3*w = 5*r + s, -3*w + 5*r = 2*w - 60. What are the prime factors of w?
3
Let s = 13 + 4. Let u = s + 17. What are the prime factors of u?
2, 17
List the prime factors of 3/(-1 + (-715)/(-700)).
2, 5, 7
Let l(d) = -d**3 + 4. Let i(z) = -z**2 - 3*z + 4. Let r be i(-4). Let w be l(r). Suppose -w*n + 2*n + 5*v = -9, 0 = n + 5*v - 12. List the prime factors of n.
7
Let r(c) = 153*c + 4. List the prime factors of r(1).
157
Suppose 0*a = -5*a + 65. List the prime factors of a.
13
Let u be 5 - 2*(-3)/(-6). What are the prime factors of (-1 + 2)/(u/84)?
3, 7
Let w(a) be the second derivative of a**5/20 + a**4/4 - 2*a**3/3 - 3*a**2/2 + 3*a. List the prime factors of w(-3).
3
Suppose 0 = 2*k - 268 - 70. List the prime factors of k.
13
What are the prime factors of (-1)/(-2)*3298/17?
97
Let w(o) = -9*o - 5*o**2 + 4*o**2 + 0*o - 10. List the prime factors of w(-5).
2, 5
What are the prime factors of 0 + 1 + 0 + 39?
2, 5
Let k be 3/6*(-2 + 118). Suppose 3*w - k = -16. List the prime factors of w.
2, 7
Let k = 221 - 100. What are the prime factors of k?
11
Let o be (-1 + 5)/((-8)/(-12)). Let p(g) = -g**3 + 7*g**2 - 5*g + 2. What are the prime factors of p(o)?
2
Suppose 2*w - 6*w - 4*d = 4, 5*w = 5*d - 25. Let l be (-4)/w*(-5 + 2). Let b = l + 16. What are the prime factors of b?
2, 3
Let o = -16 - -33. Let p(m) = m**3 + 2*m**2 - 1. Let f be p(-3). Let q = f + o. List the prime factors of q.
7
Let l = 17 + 91. List the prime factors of l.
2, 3
Suppose 0 = 4*r - 472 + 28. Suppose 3*z = 3, 5*w - r - 167 = -3*z. Suppose 3*g + 2*g = w. What are the prime factors of g?
11
Let g(p) = -5*p**3 + p**2 + p - 1. Let t be g(1). List the prime factors of (t/2)/((-2)/6).
2, 3
Suppose 2*z = -2 + 12. Suppose 2*o = z*j + 33, 4*o - 74 + 13 = 5*j. What are the prime factors of o?
2, 7
Let h(j) = -j**3 - 8*j**2 - 9*j - 5. Let x be h(-8). Suppose x = 5*y + 2*a, 4*y = a + 40 + 11. List the prime factors of y.
13
Let x(m) = -23*m**3 - 3*m - 1. What are the prime factors of x(-2)?
3, 7
Let t(s) = -s - 2. List the prime factors of t(-6).
2
Let g(j) = j**3 + 15*j**2 + 7*j - 4. List the prime factors of g(-13).
3
Let k = -12 - -11. List the prime factors of (k - 0)/(10/(-510)).
3, 17
Let k = -4 + 6. Suppose -h - 2*u - 2*u + 5 = 0, -k = 2*h + 2*u. List the prime factors of -2 - -16 - 6/h.
2
Suppose -47 - 221 = -4*h. List the prime factors of h.
67
What are the prime factors of (-7 + 0)/1*-11?
7, 11
Let g(u) = u**2 - 12*u - 4. List the prime factors of g(14).
2, 3
Suppose -4*r - 9 = 3. List the prime factors of (-27)/(-3) - 0 - r.
2, 3
Suppose 5*w + j = -3*j - 17, 5*w = j - 2. Let q be w/(-3) - 75/9. What are the prime factors of 1/4 - 54/q?
7
Let c = 55 + -9. List the prime factors of c.
2, 23
Let q(h) = h**2 - 6*h - 5. List the prime factors of q(8).
11
Suppose -8*f = -88 - 3056. What are the prime factors of f?
3, 131
Suppose -11 + 41 = -5*u. Let d = u + 26. What are the prime factors of d?
2, 5
Let a = 23 - 8. List the prime factors of a.
3, 5
Suppose 0 = -2*p + 5*p + 6. Let w = p - -13. List the prime factors of w.
11
Suppose 2 = -2*w + 8. Let u be (-3)/3 - (-2 - 51). Suppose u = w*y + y. List the prime factors of y.
13
Suppose 6*h - h = -4*c, 0 = -2*c - 2*h + 2. Let t(u) = -6*u**2 - 2*u + u**3 + 7 - 3*u + 2*u**2. What are the prime factors of t(c)?
7
Let d(r) = 11*r**2 + 7*r - 12. What are the prime factors of d(3)?
2, 3
Let j(p) = -p**2 + 3*p + 1. Let w be j(3). List the prime factors of w/(-7) - (-423)/21.
2, 5
Suppose 3*n + 5*m = 26 - 9, -2*n - 3*m = -10. Let t = n - -3. List the prime factors of t/2 + 4/4.
2
List the prime factors of -1 - (666/(-21) + 4/(-14)).
31
Suppose 31 = -0*k + k. List the prime factors of k.
31
Suppose -5*s + 2*t = -1210, 2*s = -t - 4*t + 484. List the prime factors of s.
2, 11
Suppose -238 = 4*f - 670. Let i = f + -65. What are the prime factors of i?
43
Let y be (-6)/(-1*(-6)/(-4)). Suppose y*h - 44 = -0*h. List the prime factors of h.
11
Let l = 24 - 27. Let m(d) = 6*d**2 + 2*d + 1. Let s be m(-1). What are the prime factors of l - (-1 - (s + 3))?
2, 3
What are the prime factors of -3*1*((-34)/3 - -3)?
5
List the prime factors of 0/(-4 + 0) + 86.
2, 43
Let z = 11 + -2. Let k be (-1)/((-2 + -1)/z). Suppose 2 = k*o - 37. List the prime factors of o.
13
Suppose 4*g - 3*j + 0*j = 4, -2*j = -2*g. Suppose -k + 19 - g = 0. What are the prime factors of k?
3, 5
Let y = 256 - 59. What are the prime factors of y?
197
Suppose 3*u = 6, -d + 5*u = 2*u - 53. List the prime factors of d.
59
Suppose 3*o + 42 = b, -23 = -5*b - o + 107. What are the prime factors of b?
3
Let m be (-2 + 7)*(-70)/(-25). Suppose 5*b = -m + 69. List the prime factors of b.
11
Let v = 28 - 26. Suppose 100 + 16 = v*y. List the prime factors of y.
2, 29
Suppose -74 = 53*a - 55*a. What are the prime factors of a?
37
Suppose -4*n - 5*v = -391, 0 = 4*n + 3*v - 2*v - 411. What are the prime factors of n?
2, 13
Let v(k) = -2*k + 4. Let q be v(7). Let r(l) = -l + 12. What are the prime factors of r(q)?
2, 11
Let x be 0/(5/((-15)/6)). Suppose 0 = -x*i + i - u, 3*i = -4*u + 14. List the prime factors of i.
2
Let n(w) = -7*w**3 - w. Let f(r) = -8*r**3 + r**2 - r. Let g(u) = 6*f(u) - 7*n(u). List the prime factors of g(-5).
2, 5
What are the prime factors of 2*(90/12 - -1)?
17
Let r be 2*156/8 - 2. Let x = 52 - r. List the prime factors of x.
3, 5
Let c be -6 + 3/(-5 - -2). Let h = c + 10. List the prime factors of (-2 - (-6)/h) + 16.
2
Let d be 61/9 + (-4)/(-18). Let j = -2 + d. Let g = 7 - j. List the prime factors of g.
2
Let s(m) = -m + 1. Let o be s(-4). Suppose 0 = -0*j + j - o. Suppose j*x - 25 = 20. List the prime factors of x.
3
Suppose 86 = -0*m + 4*m - 3*d, -4*d - 88 = -4*m. Suppose -p = 6 - m. What are the prime factors of p?
2, 7
Suppose -2*s - 18 = s. Let j = 3 + s. What are the prime factors of 3*j/(-18)*26?
13
Let k(l) = l + 13. Let s be k(-10). Suppose 3*z - z - 6 = -2*g, -14 = -4*g - s*z. What are the prime factors of g?
5
Let v = -12 - -9. List the prime factors of (372/(-8))/v*2.
31
What are the prime factors of 3/12 + 590/8?
2, 37
Suppose 4*h - 2*h - 4 = 4*q, -2*q + 4*h = -10. Let w(f) = -9*f - 6. List the prime factors of w(q).
3, 7
Let j(y) = -3*y**2 + 1. Let c be j(1). Let h be c/(-6) + 2/(-6). Suppose 3*l - 1 - 41 = h. What are the prime factors of l?
2, 7
Suppose -4*i + 196 = -3*l, -6*i - 2*l = -i - 245. List the prime factors of i.
7
Let y be 24/3 - (-2 + 4). Let o(w) = -w**2 + 7*w. Let b be o(y). Let n = 10 - b. What are the prime factors of n?
2
Suppose 53 = 5*s - 122. What are the prime factors of s?
5, 7
Suppose z = y - 10, -50 = -z + 6*z - 3*y. List the prime factors of (-94)/(-14) - z/35.
7
Suppose f + 103 = 4*q - 2*q, -44 = -q - f. List the prime factors of q.
7
Suppose u - 8 = 3*m - 29, -5*u = 4*m - 47. What are the prime factors of m?
2
Suppose 14 = -5*b + c, 5*c - 1 + 0 = 2*b. Let m be -3 - 9/(b - 0). Suppose 2*j = 3*o + 7, m = -j + 2*j + 4*o - 20. What are the prime factors of j?
2
Let a(y) = 15*y - 73. What are the prime factors of a(31)?
2, 7
Let l = -6 + 11. Suppose 0 = l*x - 2*a - 57, x + 0*a = a + 9. List the prime factors of x.
13
Suppose 3*i - 2388 = -3*i. List the prime factors of i.
2, 199
Suppose -5*w = -52 - 248. List the prime factors of w.
2, 3, 5
Let t(i) = 19*i**2 - 2*i + 5. What are the prime factors of t(-3)?
2, 7, 13
Suppose -4*w - m = -2*m - 39, w + 4*m = -3. Suppose 2*p + w = 49. What are the prime factors of p?
2, 5
Let l be 1/(1/15) - -3. Suppose 14 = 2*z - l. What are the prime factors of z?
2
Suppose -4*h + 15 = h. Suppose 93 = 3*m - h*c, -4*m + 3*c = -74 - 52. What are the prime factors of m?
3, 11
Let n(v) = -10*v - 4. What are the prime factors of n(-12)?
2, 29
Suppose -2*m + 45 = 5*c + 3*m, -37 = -3*c - 5*m. Let n(w) = -w**2 + 4*w + 4. What are the prime factors of n(c)?
2
Suppose 5*a = 5*b - 575, 3*a = -2*b - a + 212. Let r = b + -56. List the prime factors of r.
2, 7
Let q(c) = -3*c - 4. Suppose -3*o = -7*o + 24. Let w be q(o). List the prime factors of (-92)/w - (-2)/(-11).
2
List the prime factors of (-6)/18 - 326/(-6).
2, 3
Let s(q) be the second derivative of 0 + 3/2*q**2 - 4*q + 1/2*q**3. List the prime factors of s(4).
3, 5
Let g be 60/16 - (-1)/4. Let z = g + 9. List 